{"id":379,"date":"2024-03-13T09:53:23","date_gmt":"2024-03-13T08:53:23","guid":{"rendered":"http:\/\/fc-u.de\/wordpress\/?page_id=379"},"modified":"2025-04-25T11:57:43","modified_gmt":"2025-04-25T09:57:43","slug":"werbung","status":"publish","type":"page","link":"https:\/\/fcuchtelfangen.de\/wordpress\/werbung\/","title":{"rendered":"Werbung"},"content":{"rendered":"\n<p>Ab sofort k\u00f6nnen Sie auf unserer Startseite werben, sei es in Form eines Logos oder einer Anzeige. Setzen Sie sich gerne mit uns in Verbindung und unterst\u00fctzen Sie so unsere Arbeit. <\/p>\n\n\n\n<blockquote class=\"wp-block-quote is-style-default has-foreground-color has-background-background-color has-text-color has-background is-layout-flow wp-block-quote-is-layout-flow\">\n<p class=\"has-foreground-color has-text-color has-link-color wp-elements-2e9b72a27714923a13f30c1e0d202c72\">So k\u00f6nnte es zum Beispiel aussehen, wenn Ihr Logo bei uns erscheint.<\/p>\n<cite>FC Uchtelfangen e. V.<\/cite><\/blockquote>\n\n\n\n<hr class=\"wp-block-separator has-alpha-channel-opacity\"\/>\n\n\n\n<figure class=\"wp-block-image size-full\"><a href=\"https:\/\/www.jochem-gruppe.de\"><img loading=\"lazy\" decoding=\"async\" width=\"1050\" height=\"600\" src=\"https:\/\/fcuchtelfangen.de\/wordpress\/wp-content\/uploads\/2024\/05\/Herunterladen.jpg\" alt=\"\" class=\"wp-image-861\"\/><\/a><\/figure>\n\n\n\n<div class=\"wp-block-group alignfull product best-seller-section wp-block-section scroller-section has-foreground-background-color has-background is-layout-constrained wp-block-group-is-layout-constrained\">\n<div class=\"wp-block-columns alignwide is-layout-flex wp-container-core-columns-is-layout-28f84493 wp-block-columns-is-layout-flex\">\n<div class=\"wp-block-column is-layout-flow wp-block-column-is-layout-flow\">\n<figure class=\"wp-block-image aligncenter size-full is-resized\"><a href=\"https:\/\/www.illmedia.de\"><img loading=\"lazy\" decoding=\"async\" width=\"277\" height=\"68\" src=\"https:\/\/fcuchtelfangen.de\/wordpress\/wp-content\/uploads\/2024\/03\/logo-2.png\" alt=\"illmedia - Ihre Werbeagentur f\u00fcr das Saarland, Rheinland-Pfalz und Baden-W\u00fcrttemberg\" class=\"wp-image-48\" style=\"width:338px;height:auto\"\/><\/a><\/figure>\n<\/div>\n\n\n\n<div class=\"wp-block-column is-layout-flow wp-block-column-is-layout-flow\">\n<figure class=\"wp-block-image aligncenter size-full is-resized\"><a href=\"https:\/\/heizung-sanitaer-jochum.de\"><img loading=\"lazy\" decoding=\"async\" width=\"496\" height=\"98\" src=\"http:\/\/fc-u.de\/wordpress\/wp-content\/uploads\/2024\/03\/logo-3.png\" alt=\"\" class=\"wp-image-49\" style=\"width:450px;height:auto\" srcset=\"https:\/\/fcuchtelfangen.de\/wordpress\/wp-content\/uploads\/2024\/03\/logo-3.png 496w, https:\/\/fcuchtelfangen.de\/wordpress\/wp-content\/uploads\/2024\/03\/logo-3-300x59.png 300w\" sizes=\"auto, (max-width: 496px) 100vw, 496px\" \/><\/a><\/figure>\n<\/div>\n\n\n\n<div class=\"wp-block-column is-layout-flow wp-block-column-is-layout-flow\">\n<figure class=\"wp-block-image aligncenter size-full is-resized\"><a href=\"https:\/\/www.lesch24.de\"><img loading=\"lazy\" decoding=\"async\" width=\"250\" height=\"101\" src=\"https:\/\/fcuchtelfangen.de\/wordpress\/wp-content\/uploads\/2024\/03\/logo-4.png\" alt=\"\" class=\"wp-image-50\" style=\"width:307px;height:auto\"\/><\/a><\/figure>\n<\/div>\n<\/div>\n\n\n\n<figure class=\"wp-block-image aligncenter size-full\"><a href=\"https:\/\/prowin.net\/\"><img loading=\"lazy\" decoding=\"async\" width=\"401\" height=\"103\" src=\"https:\/\/fcuchtelfangen.de\/wordpress\/wp-content\/uploads\/2024\/05\/logo-prowin-international-rgb.jpg\" alt=\"\" class=\"wp-image-901\" srcset=\"https:\/\/fcuchtelfangen.de\/wordpress\/wp-content\/uploads\/2024\/05\/logo-prowin-international-rgb.jpg 401w, https:\/\/fcuchtelfangen.de\/wordpress\/wp-content\/uploads\/2024\/05\/logo-prowin-international-rgb-300x77.jpg 300w\" sizes=\"auto, (max-width: 401px) 100vw, 401px\" \/><\/a><\/figure>\n<\/div>\n\n\n\n<blockquote class=\"wp-block-quote is-style-default has-foreground-color has-background-background-color has-text-color has-background has-link-color wp-elements-91393282a94924b25da71cb54777cd89 is-layout-flow wp-block-quote-is-layout-flow\">\n<p class=\"has-foreground-color has-text-color has-link-color wp-elements-aed4381ba075139872a208bd8ede4846\">Oder so k\u00f6nnte es aussehen, wenn Sie eine Anzeige schalten m\u00f6chten.<\/p>\n<cite>FC Uchtelfangen e. V.<\/cite><\/blockquote>\n\n\n\n<hr class=\"wp-block-separator has-alpha-channel-opacity\"\/>\n\n\n\n<div class=\"wp-block-group alignfull has-background-background-color has-background is-layout-flow wp-block-group-is-layout-flow\" style=\"padding-top:6vw;padding-right:6vw;padding-bottom:6vw;padding-left:6vw\">\n<div class=\"wp-block-group is-vertical is-nowrap is-layout-flex wp-container-core-group-is-layout-36fd9ea3 wp-block-group-is-layout-flex\" style=\"padding-right:0;padding-left:0\">\n<h6 class=\"wp-block-heading has-foreground-color has-text-color\" id=\"ecosystem\" style=\"font-size:16px\">Anzeige<\/h6>\n\n\n\n<p class=\"has-foreground-color has-text-color\" style=\"font-size:6vw;font-style:normal;font-weight:700;letter-spacing:0px;line-height:0.9;text-decoration:none;text-transform:none\">Investieren Sie in unsere gemeinsame Zukunft!<\/p>\n\n\n\n<p class=\"has-foreground-color has-text-color has-link-color wp-elements-f57036faa2be7ab236c74403da1170c7\">Unsere Liebe ist dem Fu\u00dfball gewidmet. Aber unser Engagement reicht auch \u00fcber den sportlichen Bereich hinaus. Als oberste Ziele gelten Freundschaft und Gemeinschaftlichkeit, individuelle F\u00f6rderung, Freude und Fair Play. <\/p>\n<\/div>\n\n\n\n<div style=\"height:16px\" aria-hidden=\"true\" class=\"wp-block-spacer\"><\/div>\n\n\n\n<figure class=\"wp-block-image size-large\"><img loading=\"lazy\" decoding=\"async\" width=\"1024\" height=\"933\" src=\"http:\/\/fc-u.de\/wordpress\/wp-content\/uploads\/2024\/03\/fcu-sport-1024x933.png\" alt=\"\" class=\"wp-image-154\" srcset=\"https:\/\/fcuchtelfangen.de\/wordpress\/wp-content\/uploads\/2024\/03\/fcu-sport-1024x933.png 1024w, https:\/\/fcuchtelfangen.de\/wordpress\/wp-content\/uploads\/2024\/03\/fcu-sport-300x273.png 300w, https:\/\/fcuchtelfangen.de\/wordpress\/wp-content\/uploads\/2024\/03\/fcu-sport-768x700.png 768w, https:\/\/fcuchtelfangen.de\/wordpress\/wp-content\/uploads\/2024\/03\/fcu-sport-1536x1399.png 1536w, https:\/\/fcuchtelfangen.de\/wordpress\/wp-content\/uploads\/2024\/03\/fcu-sport.png 2000w\" sizes=\"auto, (max-width: 1024px) 100vw, 1024px\" \/><\/figure>\n\n\n\n<div class=\"wp-block-group alignwide is-vertical is-nowrap is-layout-flex wp-container-core-group-is-layout-7946b6b8 wp-block-group-is-layout-flex\" style=\"padding-top:0;padding-right:0;padding-bottom:0;padding-left:0\">\n<div class=\"wp-block-columns alignwide is-layout-flex wp-container-core-columns-is-layout-21b20327 wp-block-columns-is-layout-flex\">\n<div class=\"wp-block-column is-layout-flow wp-block-column-is-layout-flow\" style=\"flex-basis:33.34%\">\n<p class=\"has-foreground-color has-text-color\" style=\"font-size:17px\">Deshalb engagiert sich der FC Uchtelfangen e. V. vor allem auch gesellschaftlich. Er leistet einen wertvollen Beitrag in Sachen Integration, der F\u00f6rderung von Kindern und Jugendlichen, unabh\u00e4ngig von Herkunft, Geschlecht und Einkommen. <\/p>\n<\/div>\n<\/div>\n\n\n\n<div class=\"wp-block-columns alignwide is-layout-flex wp-container-core-columns-is-layout-c24efe4f wp-block-columns-is-layout-flex\">\n<div class=\"wp-block-column is-layout-flow wp-block-column-is-layout-flow\" style=\"flex-basis:69%\">\n<figure class=\"wp-block-image size-full is-resized\"><img loading=\"lazy\" decoding=\"async\" width=\"2560\" height=\"1707\" src=\"http:\/\/fc-u.de\/wordpress\/wp-content\/uploads\/2024\/03\/IMG_8238-scaled.jpg\" alt=\"\" class=\"wp-image-394\" style=\"width:900px\" srcset=\"https:\/\/fcuchtelfangen.de\/wordpress\/wp-content\/uploads\/2024\/03\/IMG_8238-scaled.jpg 2560w, https:\/\/fcuchtelfangen.de\/wordpress\/wp-content\/uploads\/2024\/03\/IMG_8238-300x200.jpg 300w, https:\/\/fcuchtelfangen.de\/wordpress\/wp-content\/uploads\/2024\/03\/IMG_8238-1024x683.jpg 1024w, https:\/\/fcuchtelfangen.de\/wordpress\/wp-content\/uploads\/2024\/03\/IMG_8238-768x512.jpg 768w, https:\/\/fcuchtelfangen.de\/wordpress\/wp-content\/uploads\/2024\/03\/IMG_8238-1536x1024.jpg 1536w, https:\/\/fcuchtelfangen.de\/wordpress\/wp-content\/uploads\/2024\/03\/IMG_8238-2048x1365.jpg 2048w\" sizes=\"auto, (max-width: 2560px) 100vw, 2560px\" \/><\/figure>\n<\/div>\n\n\n\n<div class=\"wp-block-column is-vertically-aligned-center is-layout-flow wp-block-column-is-layout-flow\" style=\"flex-basis:33%\">\n<p class=\"has-foreground-color has-text-color\" style=\"font-size:17px\">Bei unseren zahlreichen j\u00e4hrlichen Veranstaltungen, dem aktuellen Spielbetrieb, dem Patrick-Herrmann-Soccer-Cup, Unser Dorf spielt Fu\u00dfball, etc. erreichen Sie eine Vielzahl von Menschen, die auf Ihre Werbung aufmerksam wird. <\/p>\n<\/div>\n<\/div>\n<\/div>\n<\/div>\n\n\n\n<p>Au\u00dferdem bieten wir auch die M\u00f6glichkeit Ihre Werbung durch Bandenwerbung am Spielfeldrand anzubringen oder auch in Form von Trikots\u00e4tzen einzelne Mannschaften zu unterst\u00fctzen. Es gibt also viele Gr\u00fcnde, warum Sie in uns als Verein investieren sollten. Packen wir es an! <\/p>\n\n\n\n<div class=\"wp-block-buttons is-content-justification-center is-layout-flex wp-container-core-buttons-is-layout-a89b3969 wp-block-buttons-is-layout-flex\">\n<div class=\"wp-block-button is-style-sportspot-button\"><a class=\"wp-block-button__link has-foreground-color has-background-background-color has-text-color has-background has-link-color wp-element-button\" href=\"mailto:vorstand@fcuchtelfangen.de\" style=\"border-style:none;border-width:0px;border-radius:75px;padding-top:var(--wp--preset--spacing--30);padding-right:var(--wp--preset--spacing--50);padding-bottom:var(--wp--preset--spacing--30);padding-left:var(--wp--preset--spacing--50)\">Anfrage<\/a><\/div>\n<\/div>\n","protected":false},"excerpt":{"rendered":"<p>Ab sofort k\u00f6nnen Sie auf unserer Startseite werben, sei es in Form eines Logos oder einer Anzeige. Setzen Sie sich gerne mit uns in Verbindung und unterst\u00fctzen Sie so unsere Arbeit. So k\u00f6nnte es zum Beispiel aussehen, wenn Ihr Logo bei uns erscheint. FC Uchtelfangen e. V. Oder so k\u00f6nnte es aussehen, wenn Sie eine [&hellip;]<\/p>\n","protected":false},"author":1,"featured_media":0,"parent":0,"menu_order":0,"comment_status":"closed","ping_status":"closed","template":"","meta":{"footnotes":""},"class_list":["post-379","page","type-page","status-publish","hentry"],"_links":{"self":[{"href":"https:\/\/fcuchtelfangen.de\/wordpress\/wp-json\/wp\/v2\/pages\/379","targetHints":{"allow":["GET"]}}],"collection":[{"href":"https:\/\/fcuchtelfangen.de\/wordpress\/wp-json\/wp\/v2\/pages"}],"about":[{"href":"https:\/\/fcuchtelfangen.de\/wordpress\/wp-json\/wp\/v2\/types\/page"}],"author":[{"embeddable":true,"href":"https:\/\/fcuchtelfangen.de\/wordpress\/wp-json\/wp\/v2\/users\/1"}],"replies":[{"embeddable":true,"href":"https:\/\/fcuchtelfangen.de\/wordpress\/wp-json\/wp\/v2\/comments?post=379"}],"version-history":[{"count":82,"href":"https:\/\/fcuchtelfangen.de\/wordpress\/wp-json\/wp\/v2\/pages\/379\/revisions"}],"predecessor-version":[{"id":1145,"href":"https:\/\/fcuchtelfangen.de\/wordpress\/wp-json\/wp\/v2\/pages\/379\/revisions\/1145"}],"wp:attachment":[{"href":"https:\/\/fcuchtelfangen.de\/wordpress\/wp-json\/wp\/v2\/media?parent=379"}],"curies":[{"name":"wp","href":"https:\/\/api.w.org\/{rel}","templated":true}]}}

<p>Ab sofort können Sie auf unserer Startseite werben, sei es in Form eines Logos oder einer Anzeige. Setzen Sie sich gerne mit uns in Verbindung und unterstützen Sie so unsere Arbeit. </p>



<blockquote class="wp-block-quote is-style-default has-foreground-color has-background-background-color has-text-color has-background is-layout-flow wp-block-quote-is-layout-flow">
<p class="has-foreground-color has-text-color has-link-color wp-elements-2e9b72a27714923a13f30c1e0d202c72">So könnte es zum Beispiel aussehen, wenn Ihr Logo bei uns erscheint.</p>
<cite>FC Uchtelfangen e. V.</cite></blockquote>



<hr class="wp-block-separator has-alpha-channel-opacity"/>



<figure class="wp-block-image size-full"><a href="https://www.jochem-gruppe.de"><img loading="lazy" decoding="async" width="1050" height="600" src="https://fcuchtelfangen.de/wordpress/wp-content/uploads/2024/05/Herunterladen.jpg" alt="" class="wp-image-861"/></a></figure>



<div class="wp-block-group alignfull product best-seller-section wp-block-section scroller-section has-foreground-background-color has-background is-layout-constrained wp-block-group-is-layout-constrained">
<div class="wp-block-columns alignwide is-layout-flex wp-container-core-columns-is-layout-28f84493 wp-block-columns-is-layout-flex">
<div class="wp-block-column is-layout-flow wp-block-column-is-layout-flow">
<figure class="wp-block-image aligncenter size-full is-resized"><a href="https://www.illmedia.de"><img loading="lazy" decoding="async" width="277" height="68" src="https://fcuchtelfangen.de/wordpress/wp-content/uploads/2024/03/logo-2.png" alt="illmedia - Ihre Werbeagentur für das Saarland, Rheinland-Pfalz und Baden-Württemberg" class="wp-image-48" style="width:338px;height:auto"/></a></figure>
</div>



<div class="wp-block-column is-layout-flow wp-block-column-is-layout-flow">
<figure class="wp-block-image aligncenter size-full is-resized"><a href="https://heizung-sanitaer-jochum.de"><img loading="lazy" decoding="async" width="496" height="98" src="http://fc-u.de/wordpress/wp-content/uploads/2024/03/logo-3.png" alt="" class="wp-image-49" style="width:450px;height:auto" srcset="https://fcuchtelfangen.de/wordpress/wp-content/uploads/2024/03/logo-3.png 496w, https://fcuchtelfangen.de/wordpress/wp-content/uploads/2024/03/logo-3-300x59.png 300w" sizes="auto, (max-width: 496px) 100vw, 496px" /></a></figure>
</div>



<div class="wp-block-column is-layout-flow wp-block-column-is-layout-flow">
<figure class="wp-block-image aligncenter size-full is-resized"><a href="https://www.lesch24.de"><img loading="lazy" decoding="async" width="250" height="101" src="https://fcuchtelfangen.de/wordpress/wp-content/uploads/2024/03/logo-4.png" alt="" class="wp-image-50" style="width:307px;height:auto"/></a></figure>
</div>
</div>



<figure class="wp-block-image aligncenter size-full"><a href="https://prowin.net/"><img loading="lazy" decoding="async" width="401" height="103" src="https://fcuchtelfangen.de/wordpress/wp-content/uploads/2024/05/logo-prowin-international-rgb.jpg" alt="" class="wp-image-901" srcset="https://fcuchtelfangen.de/wordpress/wp-content/uploads/2024/05/logo-prowin-international-rgb.jpg 401w, https://fcuchtelfangen.de/wordpress/wp-content/uploads/2024/05/logo-prowin-international-rgb-300x77.jpg 300w" sizes="auto, (max-width: 401px) 100vw, 401px" /></a></figure>
</div>



<blockquote class="wp-block-quote is-style-default has-foreground-color has-background-background-color has-text-color has-background has-link-color wp-elements-91393282a94924b25da71cb54777cd89 is-layout-flow wp-block-quote-is-layout-flow">
<p class="has-foreground-color has-text-color has-link-color wp-elements-aed4381ba075139872a208bd8ede4846">Oder so könnte es aussehen, wenn Sie eine Anzeige schalten möchten.</p>
<cite>FC Uchtelfangen e. V.</cite></blockquote>



<hr class="wp-block-separator has-alpha-channel-opacity"/>



<div class="wp-block-group alignfull has-background-background-color has-background is-layout-flow wp-block-group-is-layout-flow" style="padding-top:6vw;padding-right:6vw;padding-bottom:6vw;padding-left:6vw">
<div class="wp-block-group is-vertical is-nowrap is-layout-flex wp-container-core-group-is-layout-36fd9ea3 wp-block-group-is-layout-flex" style="padding-right:0;padding-left:0">
<h6 class="wp-block-heading has-foreground-color has-text-color" id="ecosystem" style="font-size:16px">Anzeige</h6>



<p class="has-foreground-color has-text-color" style="font-size:6vw;font-style:normal;font-weight:700;letter-spacing:0px;line-height:0.9;text-decoration:none;text-transform:none">Investieren Sie in unsere gemeinsame Zukunft!</p>



<p class="has-foreground-color has-text-color has-link-color wp-elements-f57036faa2be7ab236c74403da1170c7">Unsere Liebe ist dem Fußball gewidmet. Aber unser Engagement reicht auch über den sportlichen Bereich hinaus. Als oberste Ziele gelten Freundschaft und Gemeinschaftlichkeit, individuelle Förderung, Freude und Fair Play. </p>
</div>



<div style="height:16px" aria-hidden="true" class="wp-block-spacer"></div>



<figure class="wp-block-image size-large"><img loading="lazy" decoding="async" width="1024" height="933" src="http://fc-u.de/wordpress/wp-content/uploads/2024/03/fcu-sport-1024x933.png" alt="" class="wp-image-154" srcset="https://fcuchtelfangen.de/wordpress/wp-content/uploads/2024/03/fcu-sport-1024x933.png 1024w, https://fcuchtelfangen.de/wordpress/wp-content/uploads/2024/03/fcu-sport-300x273.png 300w, https://fcuchtelfangen.de/wordpress/wp-content/uploads/2024/03/fcu-sport-768x700.png 768w, https://fcuchtelfangen.de/wordpress/wp-content/uploads/2024/03/fcu-sport-1536x1399.png 1536w, https://fcuchtelfangen.de/wordpress/wp-content/uploads/2024/03/fcu-sport.png 2000w" sizes="auto, (max-width: 1024px) 100vw, 1024px" /></figure>



<div class="wp-block-group alignwide is-vertical is-nowrap is-layout-flex wp-container-core-group-is-layout-7946b6b8 wp-block-group-is-layout-flex" style="padding-top:0;padding-right:0;padding-bottom:0;padding-left:0">
<div class="wp-block-columns alignwide is-layout-flex wp-container-core-columns-is-layout-21b20327 wp-block-columns-is-layout-flex">
<div class="wp-block-column is-layout-flow wp-block-column-is-layout-flow" style="flex-basis:33.34%">
<p class="has-foreground-color has-text-color" style="font-size:17px">Deshalb engagiert sich der FC Uchtelfangen e. V. vor allem auch gesellschaftlich. Er leistet einen wertvollen Beitrag in Sachen Integration, der Förderung von Kindern und Jugendlichen, unabhängig von Herkunft, Geschlecht und Einkommen. </p>
</div>
</div>



<div class="wp-block-columns alignwide is-layout-flex wp-container-core-columns-is-layout-c24efe4f wp-block-columns-is-layout-flex">
<div class="wp-block-column is-layout-flow wp-block-column-is-layout-flow" style="flex-basis:69%">
<figure class="wp-block-image size-full is-resized"><img loading="lazy" decoding="async" width="2560" height="1707" src="http://fc-u.de/wordpress/wp-content/uploads/2024/03/IMG_8238-scaled.jpg" alt="" class="wp-image-394" style="width:900px" srcset="https://fcuchtelfangen.de/wordpress/wp-content/uploads/2024/03/IMG_8238-scaled.jpg 2560w, https://fcuchtelfangen.de/wordpress/wp-content/uploads/2024/03/IMG_8238-300x200.jpg 300w, https://fcuchtelfangen.de/wordpress/wp-content/uploads/2024/03/IMG_8238-1024x683.jpg 1024w, https://fcuchtelfangen.de/wordpress/wp-content/uploads/2024/03/IMG_8238-768x512.jpg 768w, https://fcuchtelfangen.de/wordpress/wp-content/uploads/2024/03/IMG_8238-1536x1024.jpg 1536w, https://fcuchtelfangen.de/wordpress/wp-content/uploads/2024/03/IMG_8238-2048x1365.jpg 2048w" sizes="auto, (max-width: 2560px) 100vw, 2560px" /></figure>
</div>



<div class="wp-block-column is-vertically-aligned-center is-layout-flow wp-block-column-is-layout-flow" style="flex-basis:33%">
<p class="has-foreground-color has-text-color" style="font-size:17px">Bei unseren zahlreichen jährlichen Veranstaltungen, dem aktuellen Spielbetrieb, dem Patrick-Herrmann-Soccer-Cup, Unser Dorf spielt Fußball, etc. erreichen Sie eine Vielzahl von Menschen, die auf Ihre Werbung aufmerksam wird. </p>
</div>
</div>
</div>
</div>



<p>Außerdem bieten wir auch die Möglichkeit Ihre Werbung durch Bandenwerbung am Spielfeldrand anzubringen oder auch in Form von Trikotsätzen einzelne Mannschaften zu unterstützen. Es gibt also viele Gründe, warum Sie in uns als Verein investieren sollten. Packen wir es an! </p>



<div class="wp-block-buttons is-content-justification-center is-layout-flex wp-container-core-buttons-is-layout-a89b3969 wp-block-buttons-is-layout-flex">
<div class="wp-block-button is-style-sportspot-button"><a class="wp-block-button__link has-foreground-color has-background-background-color has-text-color has-background has-link-color wp-element-button" href="mailto:vorstand@fcuchtelfangen.de" style="border-style:none;border-width:0px;border-radius:75px;padding-top:var(--wp--preset--spacing--30);padding-right:var(--wp--preset--spacing--50);padding-bottom:var(--wp--preset--spacing--30);padding-left:var(--wp--preset--spacing--50)">Anfrage</a></div>
</div>

<p>Ab sofort können Sie auf unserer Startseite werben, sei es in Form eines Logos oder einer Anzeige. Setzen Sie sich gerne mit uns in Verbindung und unterstützen Sie so unsere Arbeit. So könnte es zum Beispiel aussehen, wenn Ihr Logo bei uns erscheint. FC Uchtelfangen e. V. Oder so könnte es aussehen, wenn Sie eine [&hellip;]</p>
